656)/(-2).
2, 41
Let f(b) = -b**3 + 6*b**2 + 4. Let y be f(6). Suppose -i = y*i - 60. List the prime factors of i.
2, 3
Suppose 0 = 4*h + n - 187, -24 = -h - n + 19. List the prime factors of h.
2, 3
Let h(q) = q**2 + q - 2. Let f be h(-2). Let b be f/(-3) + (-87 - -1). List the prime factors of b/(-10) + 14/35.
3
Let u(r) be the first derivative of r**2/2 - 15*r - 1. Let i be u(8). Let x(z) = z**2 + 7*z + 8. What are the prime factors of x(i)?
2
Let v(d) = d**3 + 7*d**2 + 4*d - 8. Let x be v(-6). Suppose -4*f + 52 = 4*r, 3*r - x*f = 4*r - 4. List the prime factors of r.
2
Let r = 9 + -13. Let f = -36 + 25. Let m = r - f. What are the prime factors of m?
7
Suppose r = 3*o - 570, -2*o + 4*r + 436 = 46. List the prime factors of o.
3, 7
Let a = 31 - 14. List the prime factors of a.
17
Let k(m) be the third derivative of -m**5/60 - m**4/3 - 7*m**3/6 + 5*m**2. List the prime factors of k(-5).
2
Let w(r) = -r**2 + 12*r - 2. What are the prime factors of w(7)?
3, 11
Let o be -1 + -1 + 1 + 5. Let g = -1 + o. Suppose 0*p - 9 = -g*i + 3*p, -9 = -5*i - p. What are the prime factors of i?
2
Let z(h) = 3*h**3 - h**2. Let s be z(-1). Suppose -3*f + 10 = -5, -5*m + 5*f = 60. Let l = s - m. What are the prime factors of l?
3
Let d(a) = a**3 + 20*a**2 + 12*a - 25. What are the prime factors of d(-19)?
2, 3
Let a = 6 - -20. List the prime factors of a.
2, 13
Suppose q = 2*q + 17. Let m = q + 23. List the prime factors of m.
2, 3
Let z be 2*((-6)/4 - -3). Suppose z = m - 2. List the prime factors of m.
5
Suppose -4*v + i = -496, 0 = -v - 0*v + 5*i + 143. What are the prime factors of v?
3, 41
Let j = -5 - -8. Let a(u) = -u + 3 - 6 - u**3 + 2 + 2*u + j*u**2. What are the prime factors of a(-2)?
17
Let g = -14 + 30. Suppose 0*i + 47 = -2*l + 3*i, 0 = -l - i - g. Let n = -11 - l. What are the prime factors of n?
2
Suppose 3*u = 5*u - 44. List the prime factors of u.
2, 11
List the prime factors of 10/4*-19*(-3 - -1).
5, 19
Let h be (-4 + 133)*(-2)/(-6). Let n = h - 26. What are the prime factors of n?
17
Let h = 11 + -6. What are the prime factors of h?
5
Suppose 2*g + 26 = 4*g. Suppose 4*b - 7 = g. What are the prime factors of b?
5
Let p be 12/21*(-14)/(-4). Suppose p*q = -0*q + 46. Let c = q - 13. What are the prime factors of c?
2, 5
Suppose -426 - 355 = -5*j - 2*h, 3*h - 319 = -2*j. List the prime factors of j.
5, 31
Suppose 0 = 4*z + 16, -2*y - 12 = -2*z - 4. Let h = 11 + y. What are the prime factors of h?
3
Let p be 6/3 - -3 - 2. Suppose -24 = -p*t - t. What are the prime factors of t?
2, 3
Let p(u) = -u**2 + 8*u - 7. Let t be p(6). Suppose -t*a = -4 - 1. What are the prime factors of (-5 + (a - 0))*-3?
2, 3
What are the prime factors of (-6)/6*(-344)/2?
2, 43
Suppose -2*u - 3 - 1 = 0. Let j = u + 6. What are the prime factors of j?
2
Suppose m - b = -6*b + 80, 4*m - 4*b - 248 = 0. Let g = m - 10. Suppose -10 = 5*l - g. What are the prime factors of l?
3
What are the prime factors of 5/(-2)*48/(-10)?
2, 3
Let b(o) = -4*o**2 - 28*o - 17. Let n(k) = k**2 + 9*k + 6. Let i(a) = -2*b(a) - 7*n(a). Let s be i(6). Let m = s - -24. What are the prime factors of m?
2, 5
Let m(g) = -g**3 - 2*g + 0*g - 2 + 7*g**2 - 3*g + 0*g**3. What are the prime factors of m(5)?
23
Let p(s) = -2*s**2 - 3*s + 2. Let v be p(-4). Let w = -7 - v. What are the prime factors of w?
11
Let y = 72 - 42. Suppose w - y = -w. List the prime factors of (-8)/(-12)*w/2.
5
Let i be -3 + (3 - 2) + -3. Let v be 2/10 - (-1)/i. Suppose v = 3*n - 0 - 36. List the prime factors of n.
2, 3
Suppose 0 = -2*o - 5*c + 1, -c + 1 + 6 = -3*o. Let w be o/(-10) - (-229)/5. Suppose -10 = 4*n - w. List the prime factors of n.
3
Let k = 14 - -7. Let d = 8 + k. List the prime factors of d.
29
Suppose -4*b = 2*f - 9 - 563, -12 = -3*f. List the prime factors of b.
3, 47
Let z = 92 + -47. List the prime factors of z.
3, 5
Let g(a) = -4*a**2 - 57*a - 37. Let i(l) = -l**2 - 14*l - 9. Let d(f) = 2*g(f) - 9*i(f). What are the prime factors of d(-13)?
2, 5
What are the prime factors of (-403)/(-5) + (-6)/(-15)?
3
Let x(z) = 8*z + 6. List the prime factors of x(6).
2, 3
What are the prime factors of (-2)/(-30)*6*145?
2, 29
Let m(t) = -10*t**3 + 1 + 4*t**2 + 9*t**3 - 4*t**2. List the prime factors of m(-3).
2, 7
Let w = 239 + -112. List the prime factors of w.
127
List the prime factors of (4/6)/((-8)/(-948)).
79
Suppose 3*z = -0 + 36. Let p = z + 0. What are the prime factors of p?
2, 3
Let q(a) = a**2 + a. Let u be 12/(-10)*20/6. What are the prime factors of q(u)?
2, 3
Suppose s - 18 - 4 = 0. What are the prime factors of s?
2, 11
Suppose 0 = 2*t + t - 453. What are the prime factors of t?
151
Suppose 0 = 2*g + 3*g - 1400. Suppose g = k + 3*k. List the prime factors of k/8 + 6/(-8).
2
Let i(l) = l + 1. Suppose 0 = 2*r + 3*r - 5. Let v be i(r). Suppose -v*k - 5 = -3*k. List the prime factors of k.
5
Let u = 13 - 84. Let o = u - -43. Let r = o - -39. List the prime factors of r.
11
Let h(m) = -8*m - 34. What are the prime factors of h(-10)?
2, 23
Suppose o + o = -8. List the prime factors of 102/o*4/(-6).
17
Let w = 1 - -5. Suppose -16 = -2*i + 2*l, -2*i + 3*l = -6 - w. List the prime factors of i.
2, 3
Let l(n) = 2*n**2 - 3*n - 5. Let u = 7 - 9. What are the prime factors of l(u)?
3
Suppose 6*x - 2*x = 88. List the prime factors of x.
2, 11
Suppose -3*r - 2*c + 147 = 0, 80 = 3*r + 5*c - 76. What are the prime factors of r?
47
Let m(s) = 31*s + 11. List the prime factors of m(10).
3, 107
What are the prime factors of (16/(-48))/(2/(-2106))?
3, 13
Let n(v) = v**3 - 17*v**2 + 7*v - 6. List the prime factors of n(17).
113
Suppose -6*m = -5*m - 44. What are the prime factors of m?
2, 11
Suppose 2*j - 20 = -3*j. Suppose -j*p = -12, 0*p - 5*p + 31 = 4*i. Let u(d) = -d**2 + 7*d - 4. What are the prime factors of u(i)?
2
Suppose -k - 4*k = 3*u + 9, 3*u = k - 9. Let g = k - -4. List the prime factors of g.
2
Let g be (-1 - 0) + 10/2. Suppose h + 2 = 2*s - 7, -3*h = -3. Suppose -g*w + 22 + 42 = -2*j, s*j = -4*w + 64. What are the prime factors of w?
2
Let a be 106/4 + 1/2. Suppose -b = 4*o - a, o + 25 = 4*o - 4*b. What are the prime factors of o?
7
Let m(p) = -p**2 - 2*p - 1. Let g be m(-2). Let b(q) = -q**2 + 5. Let o be b(0). What are the prime factors of o*1 + g/(-1)?
2, 3
Let g(z) = -7*z - 4*z + 1 + z**2 - 3 + 4*z. List the prime factors of g(8).
2, 3
Let a be (-2)/(3/(6/2)). Let f be a/6 - (-26)/6. Let i(g) = g**3 - 3*g**2 - 4*g + 6. List the prime factors of i(f).
2, 3
Let p(q) = -q. Let d(u) = 5*u - 8. Let f(h) = -d(h) - p(h). Let z be f(10). Let b = z - -52. What are the prime factors of b?
2, 5
Suppose 109 + 3 = 4*i. Suppose 7 - i = -3*v. Suppose -l + 4*m = 0, -2*l - 3*m + v = -4. List the prime factors of l.
2
Suppose -24*g + 28*g - 424 = 0. List the prime factors of g.
2, 53
Let u be ((-12)/5)/((-3)/15). Let r = u - 10. What are the prime factors of r?
2
Let p(a) = -24*a - 3. Let q be p(-3). Suppose -39 = -3*s + q. List the prime factors of s/16 - 2/8.
2
Let b(s) = 2*s**3 - 4*s**2 + 3. List the prime factors of b(4).
67
List the prime factors of (-1)/3*1*-147.
7
Let p = 6 - 4. Suppose 2 + 2 = p*l. Suppose -20 = -l*d - m, -d = -4*m + 3*m - 13. List the prime factors of d.
11
Let m(l) be the third derivative of -l**6/120 + l**5/10 + l**4/24 - l**3/2 - 5*l**2. What are the prime factors of m(5)?
3
Let q(k) be the third derivative of -k**4/24 + 7*k**3/6 - 2*k**2. Let p be q(5). What are the prime factors of p*(-2)/(-4) - -2?
3
Let v(m) = -8*m**3 + m. Let o be v(1). Suppose 5*w + 3*a + 34 = 0, -2*w + 0 = -2*a + 20. List the prime factors of (w + o)*(-4)/6.
2, 5
Let j = -36 + 56. Suppose -5*m = -5*n - j, -m = -4*n - 21 + 8. What are the prime factors of 3 - m - (-8 + -1)?
11
Let m = -3 - 18. Let x = -35 - m. Let d = -9 - x. What are the prime factors of d?
5
Suppose -5*c + 3*c - 3 = -i, c - 4*i = 9. Suppose a = -5*m + 36, -m = 2*m + 4*a - 25. Let r = m + c. List the prime factors of r.
2
Let p = 9 - 7. Suppose 3*l - 4*l + 7 = -4*z, 0 = -5*l + 3*z + 52. Suppose v - p*v + l = 0. What are the prime factors of v?
11
Let h = 99 + -56. What are the prime factors of h?
43
Let x be (38/3)/(4/(-6)). What are the prime factors of 30/(-25)*(x + -1)?
2, 3
Let g(j) = j**2 + 4*j + 3. Let v be g(-3). Suppose -5*r = -f - 16, v*f + 15 = 4*r - 